32352 (base 6) to base 3
20010012
Convert 718 (base 10) to base 11.
5a3
-618 (base 9) to base 16
-1f7
ded (base 15) to base 8
6114
-3687 (base 10) to base 9
-5046
Convert 11b7 (base 14) to base 15.
dbb
-2103221 (base 4) to base 5
-300244
214 (base 10) to base 6
554
-202220 (base 3) to base 7
-1434
Convert -374 (base 9) to base 10.
-310
Convert 1336 (base 7) to base 9.
634
-a2 (base 16) to base 7
-321
Convert -331 (base 7) to base 12.
-121
What is -120020 (base 3) in base 9?
-506
Convert -14334 (base 7) to base 14.
-161b
Convert -4155 (base 6) to base 12.
-65b
Convert -43 (base 7) to base 4.
-133
233 (base 13) to base 12
278
What is 24a1 (base 12) in base 8?
10071
222010 (base 3) to base 13
423
Convert 707 (base 11) to base 14.
450
What is 3040012 (base 5) in base 6?
1020342
329b (base 13) to base 4
1232101
-1100001010 (base 2) to base 15
-36d
-2043113 (base 5) to base 7
-201405
2281 (base 10) to base 8
4351
What is -1012000000 (base 3) in base 10?
-23328
What is -2926 (base 11) in base 6?
-25255
Convert -49d (base 16) to base 2.
-10010011101
What is 55 (base 7) in base 14?
2c
What is 1102222 (base 3) in base 6?
4512
What is -42343 (base 5) in base 10?
-2848
Convert 2546 (base 8) to base 6.
10222
Convert -14a75 (base 12) to base 10.
-29177
What is 8064 (base 15) in base 14?
9c34
246435 (base 7) to base 5
2423443
Convert b9 (base 16) to base 7.
353
1b8c (base 15) to base 3
22012120
What is -74a (base 11) in base 5?
-12101
1699 (base 13) to base 2
110100001001
-5632 (base 15) to base 5
-1041042
Convert 2221 (base 16) to base 9.
12877
Convert 7620 (base 9) to base 14.
2087
-23332 (base 7) to base 15
-1ba1
746 (base 10) to base 8
1352
Convert -102110212 (base 3) to base 11.
-6316
What is 702 (base 8) in base 6?
2030
Convert -1002121 (base 3) to base 11.
-667
What is -812 (base 9) in base 16?
-293
-1366 (base 8) to base 6
-3302
76c7 (base 13) to base 7
66161
102233333 (base 4) to base 5
4424144
Convert 202201 (base 8) to base 13.
2447c
Convert -194 (base 16) to base 6.
-1512
2615 (base 7) to base 14
50c
What is -6ac (base 16) in base 3?
-2100021
13033 (base 6) to base 4
132231
What is 302202 (base 5) in base 7?
40133
What is 12134 (base 5) in base 13?
559
1dc (base 15) to base 7
1155
Convert 31104 (base 5) to base 6.
13221
19 (base 11) to base 6
32
-204 (base 5) to base 15
-39
Convert 63164 (base 7) to base 11.
10739
What is 132130 (base 5) in base 4?
1102222
What is -129 (base 11) in base 14?
-ac
What is -110102210 (base 3) in base 16?
-236a
Convert 330212 (base 4) to base 9.
5278
10101110 (base 2) to base 3
20110
What is 2011012000 (base 3) in base 12?
20669
What is -2202101 (base 3) in base 12?
-11b4
Convert -1000110110 (base 2) to base 9.
-688
-21a (base 14) to base 10
-416
b931 (base 16) to base 9
72026
-234 (base 14) to base 5
-3223
Convert 111001101100110 (base 2) to base 12.
1511a
What is -154314 (base 7) in base 14?
-b0b4
Convert -5222 (base 6) to base 15.
-52b
11155 (base 7) to base 14
1065
-24140 (base 5) to base 16
-703
What is -4de (base 16) in base 9?
-1634
Convert 7810 (base 10) to base 16.
1e82
Convert 10902 (base 12) to base 3.
1010020002
-513 (base 12) to base 7
-2100
-170 (base 15) to base 4
-11022
-966 (base 14) to base 5
-24404
Convert 11101101110 (base 2) to base 16.
76e
What is 14688 (base 15) in base 5?
4044403
Convert 2672 (base 16) to base 5.
303332
What is 23337 (base 8) in base 14?
38ab
-101100001001 (base 2) to base 6
-21025
What is -2140 (base 7) in base 4?
-23323
-9724 (base 10) to base 12
-5764
-744 (base 9) to base 3
-211111
-1902 (base 13) to base 4
-322020
What is 15265 (base 7) in base 3?
12211211
What is 358 (base 10) in base 13?
217
-6c9c (base 13) to base 7
-62502
-1574 (base 14) to base 9
-5221
Convert 21322 (base 4) to base 7.
1564
What is 202 (base 5) in base 7?
103
2310201 (base 4) to base 15
3653
What is 2111020 (base 3) in base 12?
1073
52921 (base 10) to base 3
2200121001
What is 2002221220 (base 3) in base 15?
c483
Convert -5594 (base 13) to base 9.
-17348
-1022220000 (base 3) to base 15
-7b43
Convert -203 (base 14) to base 12.
-28b
Convert -122011 (base 3) to base 8.
-717
What is -132011 (base 4) in base 14?
-9b7
What is 400 (base 6) in base 8?
220
What is -4221 (base 6) in base 16?
-3b5
Convert -1520 (base 6) to base 13.
-255
1706 (base 8) to base 14
4d0
What is -615 (base 13) in base 2?
-10000001000
-15e (base 16) to base 15
-185
What is 7bc (base 16) in base 6?
13100
Convert 12011121 (base 3) to base 8.
7271
Convert -2e65 (base 16) to base 15.
-37bc
-100100010001111 (base 2) to base 7
-105104
What is 1000 (base 6) in base 15?
e6
Convert 15bb (base 13) to base 10.
3196
Convert 4620 (base 7) to base 15.
770
2229 (base 12) to base 8
7301
Convert 1100 (base 2) to base 3.
110
Convert -421605 (base 7) to base 6.
-1320240
Convert -141022 (base 5) to base 9.
-7812
What is -20122110 (base 3) in base 14?
-1aa1
What is 145 (base 11) in base 12?
122
What is 324 (base 11) in base 9?
472
2808 (base 16) to base 14
3a40
Convert 3584 (base 9) to base 15.
bcd
What is 18885 (base 9) in base 4?
3030332
Convert -20020101 (base 3) to base 2.
-1000111000010
What is 310 (base 13) in base 9?
637
Convert 10359 (base 11) to base 5.
440233
229 (base 15) to base 16
1e9
4134 (base 10) to base 14
1714
Convert 1203 (base 12) to base 16.
7e3
What is -100011 (base 2) in base 7?
-50
Convert -185 (base 9) to base 13.
-c2
Convert 11011010 (base 2) to base 10.
218
What is -925 (base 11) in base 2?
-10001011100
-3470 (base 9) to base 5
-40244
Convert 103 (base 7) to base 6.
124
Convert -5d0 (base 16) to base 7.
-4224
Convert 131404 (base 5) to base 7.
21150
Convert 44214 (base 5) to base 15.
d8e
101111001 (base 2) to base 12
275
Convert 12513 (base 6) to base 4.
131331
113221 (base 4) to base 11
1156
3121 (base 7) to base 12
771
Convert 303011 (base 4) to base 11.
2502
-5526 (base 8) to base 16
-b56
4bc6 (base 14) to base 16
33fa
Convert -65176 (base 9) to base 7.
-236556
Convert -1665 (base 7) to base 2.
-1010101100
Convert -5256 (base 9) to base 8.
-7422
Convert 30a21 (base 11) to base 12.
22170
-104 (base 14) to base 10
-200
1011001011 (base 2) to base 13
430
-236 (base 8) to base 12
-112
What is -252 (base 11) in base 4?
-10223
What is -776 (base 8) in base 10?
-510
Convert -102212 (base 5) to base 2.
-110101101000
What is -341234 (base 5) in base 13?
-5655
12011021 (base 3) to base 4
322300
-53523 (base 6) to base 4
-1302123
3200 (base 6) to base 3
222200
Convert 21604 (base 7) to base 9.
7417
What is 9a19 (base 12) in base 10?
17013
What is -240224 (base 6) in base 3?
-1001120021
1202213 (base 5) to base 10
22183
11355 (base 7) to base 10
2931
Convert -8815 (base 12) to base 6.
-153225
Convert -3762 (base 14) to base 10.
-9690
What is 111010110110010 (base 2) in base 12?
1552a
-3200 (base 5) to base 8
-651
-2086 (base 9) to base 6
-11040
What is -148b (base 12) in base 10?
-2411
Convert 12020 (base 4) to base 16.
188
132404 (base 5) to base 15
18be
Convert 19c3 (base 14) to base 16.
1247
Convert -3303 (base 4) to base 8.
-363
What is -7186 (base 10) in base 11?
-5443
d01 (base 14) to base 16
9f5
-71c (base 14) to base 16
-576
What is 20183 (base 9) in base 15?
3e03
-8378 (base 9) to base 7
-23630
-1074 (base 9) to base 7
-2215
Convert 12316 (base 7) to base 12.
1a67
Convert -482b (base 15) to base 6.
-155005
2041244 (base 5) to base 15
a0d4
What is 167 (base 9) in base 6?
354
1232 (base 4) to base 16
6e
What is -101403 (base 9) in base 12?
-2a949
What is -12010 (base 3) in base 9?
-163
Convert -120201000 (base 3) to base 2.
-10110010111000
Convert -13322 (base 5) to base 12.
-767
10001200010 (base 3) to base 13
2157c
678d (base 16) to base 13
c0b2
Convert -410 (base 11) to base 14.
-275
What is -3030244 (base 5) in base 14?
-13b16
What is 609 (base 11) in base 4?
23133
-4035 (base 15) to base 12
-7a12
Convert -213133 (base 4) to base 14.
-cc7
What is 1832 (base 9) in base 12?
992
Convert -3d (base 15) to base 7.
-112
Convert 2331 (base 15) to base 8.
16457
Convert -10000110010001 (base 2) to base 12.
-4b81
Convert -9882 (base 10) to base 15.
-2ddc
-7040 (base 9) to base 11
-3952
What is -2013311 (base 4) in base 15?
-2898
Convert 110011111001101 (base 2) to base 13.
c131
Convert -2d10 (base 16) to base 12.
-6814
-15189 (base 1